{"id":591,"date":"2025-03-21T17:48:51","date_gmt":"2025-03-21T14:48:51","guid":{"rendered":"https:\/\/drhalilarslankaya.com\/?page_id=591"},"modified":"2025-09-30T10:59:13","modified_gmt":"2025-09-30T07:59:13","slug":"randevu-al","status":"publish","type":"page","link":"https:\/\/drhalilarslankaya.com\/?page_id=591","title":{"rendered":"Randevu Al"},"content":{"rendered":"\t\t<div data-elementor-type=\"wp-post\" data-elementor-id=\"591\" class=\"elementor elementor-591\" data-elementor-settings=\"[]\">\n\t\t\t\t\t\t\t<div class=\"elementor-section-wrap\">\n\t\t\t\t\t\t\t<section class=\"elementor-section elementor-top-section elementor-element elementor-element-c5a7055 elementor-section-boxed elementor-section-height-default elementor-section-height-default\" data-id=\"c5a7055\" data-element_type=\"section\">\n\t\t\t\t\t\t<div class=\"elementor-container elementor-column-gap-default\">\n\t\t\t\t\t<div class=\"elementor-column elementor-col-100 elementor-top-column elementor-element elementor-element-d159d52\" data-id=\"d159d52\" data-element_type=\"column\">\n\t\t\t<div class=\"elementor-widget-wrap elementor-element-populated\">\n\t\t\t\t\t\t\t\t<div class=\"elementor-element elementor-element-7e714ad elementor-widget elementor-widget-html\" data-id=\"7e714ad\" data-element_type=\"widget\" data-widget_type=\"html.default\">\n\t\t\t\t<div class=\"elementor-widget-container\">\n\t\t\t<iframe loading=\"lazy\" src=\"https:\/\/drhalilarslankaya.setmore.com\/\" width=\"100%\" height=\"600px\" frameborder=\"0\"><\/iframe>\t\t<\/div>\n\t\t\t\t<\/div>\n\t\t\t\t\t<\/div>\n\t\t<\/div>\n\t\t\t\t\t\t\t<\/div>\n\t\t<\/section>\n\t\t\t\t\t\t<\/div>\n\t\t\t\t\t<\/div>\n\t\t","protected":false},"excerpt":{"rendered":"","protected":false},"author":1,"featured_media":0,"parent":0,"menu_order":0,"comment_status":"closed","ping_status":"closed","template":"page-templates\/fullwidth-content.php","meta":{"om_disable_all_campaigns":false,"_monsterinsights_skip_tracking":false,"_monsterinsights_sitenote_active":false,"_monsterinsights_sitenote_note":"","_monsterinsights_sitenote_category":0},"yoast_head":"<!-- This site is optimized with the Yoast SEO plugin v17.4 - https:\/\/yoast.com\/wordpress\/plugins\/seo\/ -->\n<title>Randevu Al - Dr. Halil Arslankaya<\/title>\n<meta name=\"robots\" content=\"index, follow, max-snippet:-1, max-image-preview:large, max-video-preview:-1\" \/>\n<link rel=\"canonical\" href=\"https:\/\/drhalilarslankaya.com\/?page_id=591\" \/>\n<meta property=\"og:locale\" content=\"en_US\" \/>\n<meta property=\"og:type\" content=\"article\" \/>\n<meta property=\"og:title\" content=\"Randevu Al - Dr. Halil Arslankaya\" \/>\n<meta property=\"og:url\" content=\"https:\/\/drhalilarslankaya.com\/?page_id=591\" \/>\n<meta property=\"og:site_name\" content=\"Dr. Halil Arslankaya\" \/>\n<meta property=\"article:modified_time\" content=\"2025-09-30T07:59:13+00:00\" \/>\n<meta name=\"twitter:card\" content=\"summary_large_image\" \/>\n<script type=\"application\/ld+json\" class=\"yoast-schema-graph\">{\"@context\":\"https:\/\/schema.org\",\"@graph\":[{\"@type\":\"WebSite\",\"@id\":\"https:\/\/drhalilarslankaya.com\/#website\",\"url\":\"https:\/\/drhalilarslankaya.com\/\",\"name\":\"Dr. Halil Arslankaya\",\"description\":\"\\u00c7ocuk Sa\\u011fl\\u0131\\u011f\\u0131 ve Hastal\\u0131klar\\u0131 Uzman\\u0131\",\"potentialAction\":[{\"@type\":\"SearchAction\",\"target\":{\"@type\":\"EntryPoint\",\"urlTemplate\":\"https:\/\/drhalilarslankaya.com\/?s={search_term_string}\"},\"query-input\":\"required name=search_term_string\"}],\"inLanguage\":\"en-US\"},{\"@type\":\"WebPage\",\"@id\":\"https:\/\/drhalilarslankaya.com\/?page_id=591#webpage\",\"url\":\"https:\/\/drhalilarslankaya.com\/?page_id=591\",\"name\":\"Randevu Al - Dr. Halil Arslankaya\",\"isPartOf\":{\"@id\":\"https:\/\/drhalilarslankaya.com\/#website\"},\"datePublished\":\"2025-03-21T14:48:51+00:00\",\"dateModified\":\"2025-09-30T07:59:13+00:00\",\"breadcrumb\":{\"@id\":\"https:\/\/drhalilarslankaya.com\/?page_id=591#breadcrumb\"},\"inLanguage\":\"en-US\",\"potentialAction\":[{\"@type\":\"ReadAction\",\"target\":[\"https:\/\/drhalilarslankaya.com\/?page_id=591\"]}]},{\"@type\":\"BreadcrumbList\",\"@id\":\"https:\/\/drhalilarslankaya.com\/?page_id=591#breadcrumb\",\"itemListElement\":[{\"@type\":\"ListItem\",\"position\":1,\"name\":\"Ana Safya\",\"item\":\"https:\/\/drhalilarslankaya.com\/\"},{\"@type\":\"ListItem\",\"position\":2,\"name\":\"Randevu Al\"}]}]}<\/script>\n<!-- \/ Yoast SEO plugin. -->","yoast_head_json":{"title":"Randevu Al - Dr. Halil Arslankaya","robots":{"index":"index","follow":"follow","max-snippet":"max-snippet:-1","max-image-preview":"max-image-preview:large","max-video-preview":"max-video-preview:-1"},"canonical":"https:\/\/drhalilarslankaya.com\/?page_id=591","og_locale":"en_US","og_type":"article","og_title":"Randevu Al - Dr. Halil Arslankaya","og_url":"https:\/\/drhalilarslankaya.com\/?page_id=591","og_site_name":"Dr. Halil Arslankaya","article_modified_time":"2025-09-30T07:59:13+00:00","twitter_card":"summary_large_image","schema":{"@context":"https:\/\/schema.org","@graph":[{"@type":"WebSite","@id":"https:\/\/drhalilarslankaya.com\/#website","url":"https:\/\/drhalilarslankaya.com\/","name":"Dr. Halil Arslankaya","description":"\u00c7ocuk Sa\u011fl\u0131\u011f\u0131 ve Hastal\u0131klar\u0131 Uzman\u0131","potentialAction":[{"@type":"SearchAction","target":{"@type":"EntryPoint","urlTemplate":"https:\/\/drhalilarslankaya.com\/?s={search_term_string}"},"query-input":"required name=search_term_string"}],"inLanguage":"en-US"},{"@type":"WebPage","@id":"https:\/\/drhalilarslankaya.com\/?page_id=591#webpage","url":"https:\/\/drhalilarslankaya.com\/?page_id=591","name":"Randevu Al - Dr. Halil Arslankaya","isPartOf":{"@id":"https:\/\/drhalilarslankaya.com\/#website"},"datePublished":"2025-03-21T14:48:51+00:00","dateModified":"2025-09-30T07:59:13+00:00","breadcrumb":{"@id":"https:\/\/drhalilarslankaya.com\/?page_id=591#breadcrumb"},"inLanguage":"en-US","potentialAction":[{"@type":"ReadAction","target":["https:\/\/drhalilarslankaya.com\/?page_id=591"]}]},{"@type":"BreadcrumbList","@id":"https:\/\/drhalilarslankaya.com\/?page_id=591#breadcrumb","itemListElement":[{"@type":"ListItem","position":1,"name":"Ana Safya","item":"https:\/\/drhalilarslankaya.com\/"},{"@type":"ListItem","position":2,"name":"Randevu Al"}]}]}},"_links":{"self":[{"href":"https:\/\/drhalilarslankaya.com\/index.php?rest_route=\/wp\/v2\/pages\/591"}],"collection":[{"href":"https:\/\/drhalilarslankaya.com\/index.php?rest_route=\/wp\/v2\/pages"}],"about":[{"href":"https:\/\/drhalilarslankaya.com\/index.php?rest_route=\/wp\/v2\/types\/page"}],"author":[{"embeddable":true,"href":"https:\/\/drhalilarslankaya.com\/index.php?rest_route=\/wp\/v2\/users\/1"}],"replies":[{"embeddable":true,"href":"https:\/\/drhalilarslankaya.com\/index.php?rest_route=%2Fwp%2Fv2%2Fcomments&post=591"}],"version-history":[{"count":7,"href":"https:\/\/drhalilarslankaya.com\/index.php?rest_route=\/wp\/v2\/pages\/591\/revisions"}],"predecessor-version":[{"id":635,"href":"https:\/\/drhalilarslankaya.com\/index.php?rest_route=\/wp\/v2\/pages\/591\/revisions\/635"}],"wp:attachment":[{"href":"https:\/\/drhalilarslankaya.com\/index.php?rest_route=%2Fwp%2Fv2%2Fmedia&parent=591"}],"curies":[{"name":"wp","href":"https:\/\/api.w.org\/{rel}","templated":true}]}}